-423 + (44 - -4)?
14
Evaluate -24 + (55 - 3) - 38 - (0 - (8 - -1)).
-1
Calculate (77 - 21) + -3 + 2 + 4 + -2 + 2.
59
What is -9 - 1 - (18 - 6) - (-7 + 6)?
-21
Evaluate -104 + -145 + 91 + 118.
-40
10 + -1 + (49 - (40 + 21)) - (15 + -1)
-17
Calculate 49 - (-12 + (2 + 7 - -5) - -3).
44
What is 2 + (-58 - (-10 - -20)) + -2 + 16 + -14?
-66
Calculate -1 - (4 + 1 - 7) - (-32 - (-9 - -80)).
104
31 + (48 - 68) - -17
28
(-4 - -16 - 12) + 2 + -88 + -12
-98
Evaluate (-74 - -103 - -33) + -47.
15
What is 39 + 23 + -255 + 116?
-77
What is the value of (-19 - -1 - 1) + (-5916 - -5895) - (1 - -2)?
-43
Calculate (-6 + -6 + 0 + 2 - 39) + 12.
-37
Evaluate ((-42 + 23 - -1) + 55 - 25) + -32.
-20
Calculate 121 + (0 + -4 - 29 - -9).
97
What is 92 + -116 + 62 - 76?
-38
What is the value of -40 - (5 + 37 + -16 + -13)?
-53
Evaluate 2 + 26 + -112 + 97.
13
-125 - (656 + -614 - (1 - -44))
-122
What is -25 + (-41 + 25 - -8)?
-33
41 + (-39 - (7 + -13)) + -91
-83
Calculate 89 + -3 + -7 + ((17 - 6) + 5 - 5).
90
Calculate (-10 + (4 - -5) - (1 + -6)) + -110 + 163.
57
(10 - 12) + -8 + (-58 - -36) + 2
-30
What is the value of (122 - (46 + 53)) + 2 + -46?
-21
-24 + -9 + 54 + -66
-45
Evaluate -1 + 6 - (-3 - -25 - 2) - 53.
-68
What is -34 + -5 + 52 - (2 - -46)?
-35
-24 - -42 - -36 - 26
28
Evaluate -10 + 13 + -6 - -42.
39
What is 0 + 1 + 59 + (101 - (-219 + 318))?
62
What is (-8 - (-39 + 20)) + 6 + -50 - (-15 + 1)?
-19
What is the value of -1 - (-26 + 3 - 6) - -28?
56
What is -52 - (1 + 9 + 0 + -8 + -10 + 10)?
-54
Evaluate (-9 - 7) + (44 - 54) - -1.
-25
Calculate 63 - (-22 - ((27 - (36 - 14)) + -12)).
78
Calculate -1 + -23 + 11 + 34 + 5.
26
Evaluate (81 + -136 - -10) + 124.
79
(-117 + 147 - (-40 - -2)) + -27
41
What is the value of (-110 - (-162 - 46)) + (2 - -23)?
123
What is 2 + (-80 - (-66 + 27))?
-39
Evaluate 6 + 0 + -37 + (5 - -34) + -45.
-37
30 - -20 - 87 - (0 - 5 - -1)
-33
What is the value of -78 - (-3 + -3 + 3 - (274 + -281) - -3)?
-85
Calculate (68 - 6) + (131 - 131 - (1 + 2)) + 3.
62
48 - ((6 - -4 - -10) + -4 + -9)
41
919 + -852 + (2 - -2)
71
What is -6 + 14 + (7 - 19) + (-5 - -1)?
-8
What is 15 + -5 + (42 - 25) + 62?
89
-183 + 98 + 87 + -13 + -1 - -10
-2
What is 13 + (16 - -2) + -82 - -24?
-27
56 + 4 + (-24 - -34) + -17
53
10 + 0 + -76 + (-2 - 4) + (91 - 75)
-56
Calculate (-46 - (-14 + 14 + -6 + -1)) + -4.
-43
What is -136 + 138 - (-7 + -14 + 5)?
18
Evaluate 8 + -5 - -15 - (45 + -34 - -9).
-2
170 + -117 + 65 - 16
102
Evaluate (-86 - -58) + -16 + 135.
91
What is -9 + 1 - 2 - (-14 + 2 + -1 + 7)?
-4
What is 0 + 9 + (-3 - -57) + -279 + 252?
36
-61 + (87 - 49) - -37
14
What is the value of (7 + -45 + 26 - -30) + 35?
53
Evaluate 13 - 2 - ((40 - (-10 + 40)) + -13).
14
What is 47 + -22 + -6 - 54?
-35
What is the value of -120 + 63 + 72 + (2 + -3 - -95)?
109
Calculate (-18 - (-11 + -165 + 31)) + -5 + -1 + 2.
123
Calculate 1 + 2 + 1 + -4 - (668 + -705).
37
What is (-27 - -22) + -41 - -41?
-5
Calculate -69 + 127 + -153 + 136.
41
Evaluate 4 + 37 + ((-16 - -23) + 26 - 21) - -14.
67
Evaluate (20 + (-6 - 3) - 2) + 18.
27
-4 + 30 + -35 + 38 + -40
-11
What is the value of -43 + 4 + 34 + (-3 + 3 - -45)?
40
Evaluate (55 - -11) + (-222 - -145).
-11
-84 + 16 + 52 + 66
50
(4 - 34 - -5) + (19 - (12 - -8))
-26
-38 + (146 - -35 - 104)
39
What is 61 + -66 + 104 + -9?
90
What is (1 - 5 - (-55 - -65 - (1 + 7))) + -37?
-43
Calculate -102 + 10 - -151 - (-1 + -16 + 0).
76
-27 - (-107 + 20 - (-26 + 9))
43
-13 + (1 + 19 - (-31 - -10))
28
Evaluate -38 + -23 + 25 - (13 + -4).
-45
Calculate -407 + 247 - (-7 - 79).
-74
-14 + (0 - -3) + -38 + 23 + (22 - 49)
-53
28 - 47 - (7 - (-5 + 3))
-28
Evaluate -3 + (-3 - 4) + -28 + (26 - 1).
-13
What is (-6 - (-84 + 44)) + -36?
-2
-22 + (50 - -40 - 57)
11
What is the value of -3 - (1 + 2 - 0) - (386 + -467)?
75
What is 2 - (1 + 49 + 41)?
-89
What is (-1 + 53 - 8) + ((3 - 1) + 10 - 4)?
52
What is the value of -62 + 5 + (231 - 181)?
-7
What is 10 + (12 - 31) + 37 + 16?
44
What is the value of 134 + -158 - (-4 + -3) - (-1 + 10) - -6?
-20
11 + -59 - ((0 - (13 + -8)) + 13)
-56
Evaluate (-10 + -15 - 9) + 33 - (-36 + 0).
35
Calculate -4 + -12 + (24 - -5) + -27 + 11.
-3
Calculate -16 + (14 + 4 - (10 - 0)) + 24 + 1.
17
Evaluate -8 + -11 + 55 + 33 - (-3 + 1).
71
12 + -10 + -41 + -14
-53
What is the value of 14 + -8 + -29 + 105 - (15 + -2)?
69
What is the value of (104 - (32 - -7) - 24) + -140?
-99
What is the value of -2 - (2 + 1 - -37) - (-8 - (17 + -15))?
-32
What is 45 + (19 - (20 - -21) - (-34 + 25))?
32
What is -86 + 83 + -72 + -1 + 1 + 8 + 3?
-64
What is the value of 9 + 4 + (20 - -13) - 52?
-6
-785 + 783 + (9 - 8) + -13 + 1
-13
What is -2 - -4 - (-5 - (7 + -16) - 55)?
53
What is the value of (-149 - -1 - -63) + 92?
7
-3113 + 3131 - ((1 - 0) + (1 - 1))
17
Evaluate (179 - (6 - -189)) + 14 + 0 + -1.
-3
What is the value of (-14 - -4) + -4091 + 4065?
-36
20 + -9 + (-30 - -26) + 52
59
What is (9 - -2) + 17 + (-37 - -6) + -94?
-97
What is the value of -31 + (49 - 68) + 6?
-44
-18 + (-43 - (1 - -22)) + 28
-56
Calculate (11 - 21) + 12 + (0 - -1).
3
What is the value of (0 + 1 - 28) + -105 + 78 + 12?
-42
Evaluate (-5 - (-34 - -29)) + -2 + 12 - 70.
-60
-8 + 68 + (-2 - 7) + -11 + -2
38
What is (18 - (-14 + 27)) + 8 - (-28 + 3)?
38
What is the value of 6 - (-15 + 3 + -2 + 0 - (223 + -215))?
28
Calculate -8 - (68 + -224 + 95).
53
-5 - (1 + (-17 - (3 - 0) - (62 - 66)))
10
What is -12 + (0 - 0 - (-4 + 9 + 5))?
-22
Calculate -39 + (72 - 90 - (-24 - -4)) + -1.
-38
What is the value of -59 + 28 + 50 - 40?
-21
What is the value of -1149 - -1158 - (-2 - -3 - 6 - 3)?
17
Evaluate 49 + (-130 - -141 - (23 + -2) - -6).
45
Evaluate (-2 - -5) + -3 + -52 + (34 - 27).
-45
Evaluate ((8 - -7) + -18 - -25) + -115.
-93
Evaluate -936 + 1049 + (2 - (-3 + 7 - 19)).
130
What is 27 + (-13 - -6 - -4) + -52?
-28
Calculate (-8 + 12 - -98) + 26 + -59.
69
Calculate 7 + -21 + -6 + 0.
-20
What is 65 + -80 - ((16 + -9 - -36) + 8)?
-66
Calculate -2 - (-9 + 1 + -42 + 49 + -16).
15
Evaluate (31 - 36) + -40 + (-7 - -2) + (-7 - -1).
-56
28 + -24 + (10 - 10) + -1 + -50
-47
What is the value of 27 + -78 + -36 + -3 + 12?
-78
What is the value of (-7 - -12 - 7) + (8 - (-14 + 2 + 2))?
16
Calculate (31 - ((28 - -11) + -37)) + (11 - (0 + -1)).
41
What is -13 + 8 + -16 + (16 - (32 - 25))?
-12
-167 + 287 + -140 - 57
-77
(21 + -19 - -5) + 0 + -13 + 60
54
Evaluate -18 + (-11 - -3) + 2 + -11.
-35
Evaluate -20 + -36 + -46 + 134.
32
Calculate 168 - 147 - (4 + -11).
28
What is 4 + -16 + 41 + -12 + -52?
-35
Evaluate 35 + 0 - (-2586 - -2610).
11
Evaluate -13 + (-6 + 5 - 9 - (26 - 40)).
-9
-85 + -26 + 101 - 44
-54
What is (-11 - -1) + (114 - (-81 - -182))?
3
Calculate -10 - (-11 - -16) - (-8 + 3 + 48 - -3).
-61
What is (-6 - -16) + (-34 - -20 - (-5 - 3)) - -64?
68
Evaluate 211 - 202 - ((-2 - -9) + 36).
-34
-11 - -22 - (-26 + (-8 - 21))
66
(46 - (-25 + 38)) + (-57 - 79)
-103
What is the value of -1 + (127 - (-91 + 321))?
-104
211 - 307 - (-31 - -40)
-105
What is the value of 8 - ((-8 - -9) + 4)?
3
Evaluate 6 + 43 + -54 + (0 - (-4 + 0 + -3)).
2
-22 - (23 + 82 + -159)
32
Evaluate 3 - 2 - -12 - (1 + -5 - -3).
14
What is the value of 2 - 4 - (89 + -28 + -16) - 8?
-55
Evaluate (1 + -1 - (-6 - (-37 - -24))) + -71 - 10.
-88
What is (21 - 358 - -334) + (-127 - (1 + -4 - -2))?
-129
Calculate -36 + (72 - 95) + 41.
-18
What is the value of 5 - 10 - (13 - 20) - (222 + -109)?
-111
What is the value of 2 + (3 - (5 + -45 + 18))?
27
-91 + 87 - (2 - (8 + -2 + 49))
49
(33 - (-44 - -136 - 31)) + -103
-131
Evaluate -27 - ((13 - 32) + 40 + -158).
110
What is the value of 49 - ((-13 + 17 + 14 - 0) + -2)?
33
What is the value of -53 - (-1 - (136 + -29))?
55
What is 2 - (-7 + 35 + 3) - 17?
-46
Evaluate -119 + 147 + -8 + (-2 - -4).
22
What is the value of (2 - (6 - -3 - 4)) + -109 - (92 - 105)?
-99
-59 - -3 - (-4 + -34 + 19)
-37
What is -840 + 825 + (-9 - (-2 + -1 + 2))?
-23
Evaluate (100 - 74) + (42 - 7).
61
What is 9 + 34 - (22 - -15)?
6
What is -45 - (2 + -11 + (-28 - (-29 + (6 - 2))))?
-33
What is the value of (-21 - -2) + 37 + (-9 - 4) - -12?
17
What is 24 + (1 - -1 - (203 - 242))?
65
Calculate 7 + -13 + 16 + -18 + 3 - -59.
54
What is the value of 6 + (12 - 7) + (-4 - -1) + -15?
-7
Calculate -20 + 3 + (68 - (-3 + -7)).
61
What is (151 - 292) + 136 - (-60 + 1